 + 269
-4
-13 + (2 - 6) + 10
-7
What is -13 - (10 - (0 + 13))?
-10
What is 3 - (-7 + 7 - (3 + 0))?
6
Evaluate (2 - (-7 + (7 - 1))) + 2.
5
Evaluate -5 - (0 + -4 + -6).
5
What is 38 + -44 - (-5 + 1)?
-2
What is 10 - (8 + -6 + 7)?
1
Evaluate (-1 + 6 - (5 - 3)) + -6.
-3
What is the value of -7 + 1 + 1 + (3 - -4)?
2
13 + -6 + -10 + 2
-1
(11 - 17) + (0 - (0 - 4))
-2
What is the value of -3 - ((-9 - 2) + 18)?
-10
Evaluate -9 + (-5 - (-8 - (3 - -1))).
-2
What is the value of 10 + -6 + 0 + (-7 - 1)?
-4
Evaluate 2 + 2 + -1 + -2.
1
What is 1 + 0 + 5 + -10 + 9?
5
Calculate 3 + -12 + 0 + 4.
-5
What is the value of 0 + 9 + 11 + -22?
-2
Calculate 3 + -1 + 1 - (-12 + 15).
0
5 - (7 + -2) - -5
5
Evaluate 7 + (-5 - ((-5 - -1) + 2)).
4
6 - ((1 - 2) + 4 + -5)
8
-1 - (6 + 2 + -4 - 0)
-5
What is the value of -3 + -1 + 5 + 3 + -5?
-1
Evaluate (-4 - -4) + 0 + -2 + 4.
2
Calculate (-62 - -68) + (3 + -6 - 1).
2
What is (11 - 5) + (16 - 27)?
-5
-7 - ((-7 - -12) + -5)
-7
(4 - 3) + (4 - 12 - -6)
-1
What is the value of (9 + -20 - (2 + -6)) + 3?
-4
(-8 + 2 + 4 - 1) + 6
3
Calculate (-1 - -9) + -6 + 1.
3
What is the value of (-7 + 3 - -9) + -1 + -3?
1
Calculate 5 + -3 + 0 + -1.
1
Evaluate (1 - 12) + -6 + 11.
-6
-30 + 32 + 2 + -2 + 2
4
What is the value of 6 - (-7 - -3 - -5) - 4?
1
Evaluate -1 - (1 + -1) - (-54 + 47).
6
5 - ((3 - 9) + 14 + 3)
-6
(1 - 3) + -11 + -11 + 23
-1
Calculate (0 - 2) + (-28 - -25).
-5
2 - (5 + 2) - -6
1
Calculate 4 + -5 + -1 + -1.
-3
Evaluate -4 - -2 - (-5 - 2).
5
2 + 0 + -4 + (-19 - -19)
-2
-4 + 7 + -8 - -2 - -8
5
What is the value of -4 + -1 + 2 - -12?
9
Calculate (3 - -4) + -14 + 11.
4
What is 11 + -3 - 13 - -7?
2
-9 - (-11 + -3 + 8)
-3
(-4 - (1 - 5)) + -2
-2
What is (0 - 0) + (1 - (9 + -6))?
-2
-2 + 7 + -5 + -3 + 2
-1
2 + 2 + 0 + -3 - 6
-5
(-9 - -5 - 1) + 4
-1
Calculate 3 + -6 + (-7 - (-16 + 3)).
3
What is -1 + -1 + (-8 - (-6 - -1))?
-5
Calculate (-1 - 1) + -5 + (9 - -3).
5
What is -4 + -1 + 4 + 4 + 1?
4
What is the value of 3 + (-6 + 0 - -6)?
3
1 - -2 - (1 + 2) - 2
-2
Evaluate 4 + 0 + 2 + 6 + -10.
2
Evaluate 0 - (-7 - (5 - 8)).
4
What is -2 - ((-1 - -1) + -4)?
2
(37 - 26) + (-1 - 5)
5
Evaluate 5 - ((7 - 3) + -4).
5
What is the value of 0 + 0 + 1 + -3?
-2
Calculate -7 + (2 - -5) + (-1 - 2).
-3
What is 1 + -6 + 2 - (-1 - -2)?
-4
What is 8 + (-5 - (0 + 0))?
3
What is 3 + (-3 - -2 - (0 - -1))?
1
Calculate (-11 - 7) + 9 + 8.
-1
What is 0 - 1 - -4 - (466 - 471)?
8
4 + 2 + -2 + -3
1
Calculate (4 - 2) + (0 - -1).
3
Calculate 0 - (0 + 8) - (-2 + 2).
-8
What is the value of 3 - (0 - (4 + -8))?
-1
-32 + 33 + (0 - -4)
5
What is the value of 6 + (-7 - -2) + 1?
2
What is the value of -3 - 1 - (-17 + 13)?
0
What is the value of -1 + 0 - -4 - 1?
2
What is 2 + -3 - (0 + -1) - 0?
0
What is -6 + 5 + (11 - 8)?
2
Calculate 4 + -1 + 79 + -84.
-2
-1 - -9 - 7 - 7
-6
Calculate 18 - 17 - (3 - (-7 + 4)).
-5
What is the value of 1 + -9 + (0 - -1) + 2?
-5
-4 - (-5 + 5) - (4 + -9)
1
What is -1 - (-1 + 4 + -1)?
-3
What is 5 + -2 + 10 - 7 - 2?
4
Calculate (-8 - -7 - -9) + -7.
1
Evaluate (-9 - -8 - -7) + (-8 - -2).
0
-24 - -23 - (-4 + 2 + 6)
-5
Calculate 0 - 5 - (10 + -11) - -5.
1
Calculate -1 + (2 - 6) + (-7 - -3).
-9
What is the value of 0 + 7 - -3 - (5 + 2)?
3
Evaluate 1 - (0 + -5 + 2 - -3).
1
Calculate (11 - 1 - 9) + -3 + -1.
-3
What is 0 + (-1 - (-2 + -1))?
2
-20 + 14 + 6 + -2
-2
What is 0 + 7 - 2 - 8?
-3
What is the value of 11 + -2 + -8 + 6?
7
Calculate 0 - (0 + 0 + (-21 - -27)).
-6
Evaluate 6 + (-4 - 2) - (0 - 3).
3
What is 2 + -1 - (-22 + 26)?
-3
Calculate 2 - 5 - -6 - (-2 + 10).
-5
What is 5 + 8 + -19 + 1 + 9?
4
Calculate -1 + 2 + 0 + 3 + -1.
3
Evaluate 11 - (11 - 11 - -8).
3
What is the value of (13 - 4 - 5) + (0 - 4)?
0
What is the value of -11 - (-2 - (-1 + 5 + -2))?
-7
Evaluate -4 - (-9 + 1 + 0).
4
(3 - 10) + 8 + -4
-3
What is the value of 12 - (-3 + -3 + 7 - -5)?
6
What is (-18 - (-9 - 0)) + 5?
-4
Evaluate 2 + (-2 - (-2 + 6) - -1).
-3
Evaluate 8 + -15 + 2 + 4.
-1
What is 3 + 0 - (0 - 5 - -4)?
4
Calculate -8 - (-4 + -1 - -1).
-4
Evaluate 3 - 1 - (14 - 1) - -5.
-6
Calculate 2 - (13 - 3) - -10 - 2.
0
Evaluate 1 + (1 - 2 - (4 + -1)).
-3
Evaluate -9 + -4 + 7 + 1.
-5
-3 + -3 + 9 + 0 + -2
1
What is -19 + 4 - (9 - 20)?
-4
(8 - 1) + (-301 - -300)
6
Evaluate 2 - (9 - (0 + 5)).
-2
What is the value of -11 + 9 + 4 + 6?
8
Evaluate (-7 - 0) + 2 + (1 - 0).
-4
What is the value of 3 + (-4 - -5 - 2) - -4?
6
-1 + 0 + -3 + 3 + 1
0
What is the value of 2 + (-2 - (-1 - -4))?
-3
What is the value of -15 + 6 - 2 - -5?
-6
Evaluate 1 - (-4 + 1) - 4 - -6.
6
What is the value of (33 - 36) + -1 + 1?
-3
Calculate -16 + (-3 - 8) + 23.
-4
Evaluate -2 + (-13 - -17) + -3 + 0.
-1
What is -2 + 4 - (9 - (9 + -7))?
-5
What is the value of 2 + -9 + 4 + 1?
-2
What is the value of -3 + (19 + -4 - 3)?
9
What is 2 + 3 + (-1 - -5 - 4)?
5
Calculate (1 - 8) + 12 - 2.
3
What is -2 + (-4 - (-1 + 0))?
-5
What is 3 - (-5 + (3 - (-5 - 4)))?
-4
Calculate -4 - ((2 - -3) + -19 - -5).
5
What is 3 - (2 + -4 + 4) - -1?
2
What is the value of -12 + 16 + (-1 - 10)?
-7
What is -32 + 40 - (3 + (-1 - -6))?
0
Evaluate (3 - 0) + -5 + -2.
-4
-7 - -2 - (-16 - -11)
0
-5 + 9 + -6 - -4
2
What is 2 + 1 - (9 + -1)?
-5
Calculate -8 + -3 + 0 + 5.
-6
What is (0 - -4) + 17 + -14?
7
What is the value of (4 - (10 - 6)) + -3?
-3
-3 + 13 + (1 - 7)
4
10 + (-3 - (-4 - -1)) + -5
5
Calculate -5 - -2 - (1 - (-1 - -2)).
-3
Evaluate (4 - 2 - 3) + -2 + 3.
0
Calculate (1 - (1 + -1)) + -15 + 17.
3
Evaluate (0 - -5) + (14 - 16).
3
What is the value of -6 + -2 + 73 + -66?
-1
Evaluate (0 - 1) + (10 - 8).
1
What is the value of 6 - -9 - 22 - (1 + -1)?
-7
Calculate 41 - 48 - (-1 + 0).
-6
What is the value of -4 - (-7 - (-5 + 5))?
3
(0 - 0 - -4) + -2 + 1
3
Calculate (3 - (-4 + 4)) + -6.
-3
Evaluate 7 - (-1 - (-3 - 2)) - 9.
-6
Evaluate -1 + -1 - ((-2 - 1) + 6).
-5
What is the value of 10 + (5 + -2 - 9)?
4
What is the value of -13 + (23 - -11) + -13?
8
What is the value of 9 - 4 - (7 + (2 - 5))?
1
6 - (1 + -8 + 47 + -38)
4
What is -1 - (-1 + (-3 - -13))?
-10
Calculate -1 + -2 + 26 + -20.
3
(5 - -3) + (1 - 6)
3
What is the value of 1 - (-4 - (4 + -7))?
2
Evaluate 4 + (2 - (5 - 0)).
1
Calculate 7 + (-8 - (14 - 22)).
7
What is the value of (-6 - (-3 + 1)) + 6 + -7?
-5
Evaluate -1 - (5 + -2 - -4).
-8
1 - 1 - 0 - -1
1
What is (8 + -16 - -6) + 1?
-1
What is (4 - (-11 + 18)) + 2?
-1
What is 0 + ((7 - 8) + 1 - 5)?
-5
-3 + 3 + 1 + 3
4
What is (0 - (7 + -3)) + 3?
-1
What is the value of (0 - (-3 - 0)) + (59 - 62)?
0
Calculate 3 - (2 + -1 - (-5 + 7)).
4
What is the value of -6 + 0 + (-1 - (9 + -12))?
-4
Calculate -5 + -9 + 13 + -4.
-5
What is the value of -12 + 11 - (-1 + 2 - 5)?
3
-1 - (0 - 4 - (1 + -7))
-3
0 + 2 + -4 + (-19 - -25)
4
What is the value of -1 + 1 + (-48 - -47)?
-1
What is -3 + (-4 + 2 + 2 - 2)?
-5
Evaluate -3 - (3 + (-1 - 0 - 6)).
1
What is the value of 6 + 0 + 0 + 1 + -3?
4
1 + -4 + 1 + 0 + 5
3
Calculate 2 + 2 + (-6 - -19 - 18).
-1
What is the value of -7 + 5 - (-1 + -1) - 4?
-4
Evaluate (-9 - -21) + -10 + (6 - 2).
6
Calculate (-6 - -10) + (2 - 3).
3
What is the value of 12 + 0 - (16 - (26 - 15))?
7
Evaluate 0 + 0 + 6 + -5 + -1.
0
-5 + 0 + 8 + (4 - 5)
2
Calculate (-30 - -27) + 1 + -3.
-5
What is (3 - (-4 - -5)) + 1?
3
What is -8 + (2 - -3) + 6?
3
What is the value of 0 + -4 + 1 + 0 + -1?
-4
What is the value of 0 + 3 + (-4 - -2) + 1?
2
(-1 - (7 - 3)) + 7
2
Calculate 2 + (-6 - (-6 + (7 - 2))).
-3
Calculate (-3 - (4 - 8)) + -1 - 3.
-3
Calculate -9 - -4 - (4 + -8 + 1).
-2
What is -7 - ((-1 - 4) + -3 + 7)?
-6
What is 5 - (-2 - (-5 - -5) - -6)?
1
What is the value of 95 - 94 - ((-1 - 1) + 0)?
3
Evaluate 3 + -10 + 3 - -2.
-2
0 - -4 - ((-3 - 6) + 17)
-4
What is -6 + (-5 - (-9 - -7)) + 13?
4
What is (5 + -6 - (-3 + 6)) + 11?
7
What is the value of (12 + -7 - 8) + 0?
-3
What is the value of -1 - 4 - (-37 - -38)?
-6
What is the value of (4 + 1 - 10) + 3?
-2
What is the value of -8 - 2 - (-21 - -5)?
6
-3 - (-5 - 7) - (6 - 1)
4
What is (-9 - -2) + -59 + 59?
-7
Calculate -3 + (5 - 8) + 3 + 2.
-1
What is the value of -4 + (8 - 7 - -6) + -1?
2
3 - (-2 + 4 - -2)
-1
Calculate (-10 + 7 + 1 - 0) + 7.
5
What is the value of 5 - (14 + -3 + -1)?
-5
What is -2 + (8 - (5 + 0))?
1
Calculate 3 - -1 - (1 + (2 - 3)).
4
Evaluate 21 + -19 - (2 + 1 + -5).
4
(7 - 6) + 7 + -10
-2
Wh